at is the highest common factor of 741 and 59585919?
57
Calculate the greatest common divisor of 435690 and 1314.
18
Calculate the highest common factor of 30663290 and 70.
70
Calculate the highest common factor of 567684873 and 34195.
6839
Calculate the greatest common divisor of 6887 and 222130.
97
What is the highest common divisor of 1300 and 835952?
52
Calculate the greatest common divisor of 128 and 9520736.
32
Calculate the greatest common divisor of 6160455 and 636.
159
What is the greatest common factor of 96390 and 3143385?
5355
What is the highest common divisor of 605 and 146588717?
121
Calculate the greatest common factor of 1634249095 and 5.
5
Calculate the highest common factor of 153249782 and 74.
74
What is the highest common factor of 250005520 and 11600?
2320
Calculate the highest common factor of 1501 and 16672253.
19
What is the greatest common factor of 35350 and 42350?
350
What is the highest common divisor of 11332000 and 300?
100
Calculate the highest common divisor of 278457156 and 48.
12
What is the greatest common divisor of 904 and 11916?
4
What is the greatest common factor of 300042 and 31713300?
3798
Calculate the greatest common divisor of 1536 and 582368.
32
What is the highest common divisor of 91306170 and 486?
54
Calculate the greatest common factor of 971629 and 1490.
149
Calculate the highest common divisor of 65076 and 5732604.
5916
Calculate the greatest common divisor of 17285949 and 621.
207
Calculate the highest common factor of 9 and 229528854.
9
Calculate the highest common factor of 242944 and 346112.
3328
Calculate the greatest common factor of 1826746 and 356.
2
What is the greatest common factor of 1470720 and 800?
160
Calculate the greatest common divisor of 7098384 and 2176.
272
What is the greatest common divisor of 879180 and 32460?
60
Calculate the highest common divisor of 1225 and 27875855.
245
What is the highest common factor of 71032 and 1704?
8
What is the greatest common factor of 83752 and 1912008?
152
What is the greatest common divisor of 1130479 and 11907?
49
What is the greatest common divisor of 638333752 and 856?
856
What is the highest common divisor of 158 and 496398870?
158
Calculate the highest common divisor of 4 and 3773290.
2
What is the highest common factor of 504154 and 70?
14
What is the highest common divisor of 2820 and 12702126?
282
Calculate the highest common factor of 4928594 and 13794.
22
What is the highest common divisor of 160 and 20132260?
20
Calculate the highest common divisor of 28499758 and 1246.
1246
What is the highest common factor of 10163569 and 53703?
221
What is the greatest common divisor of 119415549 and 33?
33
Calculate the highest common factor of 6 and 204171864.
6
Calculate the greatest common divisor of 2239512135 and 42.
21
Calculate the highest common divisor of 2332199 and 11525.
461
Calculate the greatest common factor of 340 and 80858630.
170
What is the greatest common divisor of 12846815 and 18945?
2105
What is the highest common factor of 8158574 and 74?
74
What is the highest common divisor of 50190255 and 1420?
355
What is the highest common factor of 10806900 and 153?
51
What is the highest common divisor of 1014971 and 360499?
899
Calculate the highest common divisor of 35 and 7333055.
5
What is the highest common factor of 3742501 and 15057?
1673
Calculate the greatest common divisor of 9105266 and 10.
2
What is the greatest common divisor of 6044324 and 520?
52
Calculate the greatest common divisor of 308 and 6053152.
28
Calculate the highest common factor of 1093311 and 945.
27
What is the greatest common divisor of 44 and 30408521?
11
What is the greatest common divisor of 19526 and 3016?
26
What is the highest common divisor of 90 and 5141655?
45
Calculate the greatest common divisor of 315 and 34790301.
63
What is the greatest common factor of 180719238 and 1533?
1533
What is the highest common divisor of 5488648 and 4656?
776
What is the highest common divisor of 677534463 and 324?
81
What is the greatest common factor of 130 and 73043165?
65
Calculate the greatest common factor of 21 and 25683.
21
Calculate the highest common divisor of 37406 and 6077.
59
What is the highest common factor of 33608 and 195590158?
8402
What is the greatest common factor of 153 and 1260175473?
153
What is the greatest common divisor of 81507 and 6?
3
What is the greatest common factor of 46 and 104974691?
23
What is the greatest common factor of 1514739 and 6456?
807
Calculate the highest common factor of 1088 and 53463232.
1088
What is the greatest common divisor of 93 and 8854933?
31
Calculate the greatest common factor of 1008006 and 9546.
258
Calculate the greatest common divisor of 5866784 and 2464.
2464
What is the greatest common divisor of 154 and 399986398?
14
Calculate the highest common divisor of 33 and 22510983.
33
What is the highest common factor of 28 and 92066366?
14
Calculate the greatest common divisor of 35 and 87187030.
35
Calculate the highest common factor of 138994859 and 2518.
1259
What is the greatest common divisor of 19130380 and 50?
10
Calculate the highest common factor of 405480 and 70215.
465
What is the highest common factor of 6885 and 45304575?
255
What is the greatest common factor of 955719818 and 244?
122
What is the highest common divisor of 612 and 132741?
9
Calculate the greatest common factor of 662938 and 3488.
218
Calculate the highest common divisor of 11400 and 57228.
228
What is the highest common divisor of 2676292 and 27099208?
14012
Calculate the highest common factor of 15784293 and 42.
21
Calculate the greatest common factor of 79720 and 31630.
10
Calculate the greatest common divisor of 727957 and 30872.
17
Calculate the highest common divisor of 3608366 and 28783.
269
Calculate the highest common divisor of 29993772 and 2436.
348
What is the highest common divisor of 29375158 and 6070?
1214
Calculate the greatest common divisor of 6352 and 467056.
16
Calculate the greatest common factor of 2220 and 25161480.
2220
Calculate the highest common divisor of 1284474 and 173436.
582
Calculate the highest common divisor of 43242986 and 10534.
458
Calculate the highest common factor of 14152 and 2643496.
488
Calculate the highest common factor of 8685 and 75645.
45
Calculate the highest common factor of 105 and 490585725.
105
What is the greatest common factor of 114 and 3904557?
57
What is the greatest common factor of 6851 and 592410?
403
Calculate the greatest common divisor of 58752 and 4005234.
918
Calculate the highest common factor of 9367548 and 12576.
1572
What is the highest common divisor of 7617421 and 24920?
623
What is the greatest common factor of 2082 and 12318153?
1041
What is the greatest common factor of 954600 and 7100?
100
Calculate the highest common factor of 303942 and 179.
179
What is the greatest common factor of 12327342 and 10770?
2154
What is the highest common divisor of 375 and 154057875?
375
What is the highest common factor of 8 and 17012836?
4
Calculate the highest common divisor of 90185 and 572305.
85
Calculate the greatest common divisor of 9351190 and 821.
821
What is the highest common divisor of 19251 and 529046?
713
Calculate the greatest common factor of 7756775 and 1170.
65
Calculate the highest common divisor of 1131632 and 1369600.
1712
Calculate the highest common factor of 235445 and 8990.
155
What is the highest common divisor of 26175283 and 122?
61
Calculate the highest common divisor of 313822 and 125252.
346
What is the highest common divisor of 311457 and 755191?
527
Calculate the greatest common divisor of 3189968 and 144.
16
What is the highest common divisor of 423 and 1194082?
47
Calculate the greatest common divisor of 4129683 and 2943.
327
What is the highest common divisor of 15265468 and 8?
4
What is the highest common divisor of 7124 and 679120?
52
Calculate the greatest common factor of 232742592 and 32.
32
What is the highest common divisor of 3 and 601464258?
3
What is the highest common factor of 230034 and 752136?
42
Calculate the highest common factor of 1986 and 6147663.
993
Calculate the highest common divisor of 47011900 and 2600.
1300
Calculate the greatest common factor of 28450 and 92350.
50
Calculate the highest c